{"id":717,"date":"2016-08-16T11:11:38","date_gmt":"2016-08-16T15:11:38","guid":{"rendered":"http:\/\/aaa.phil-dev.ca\/fr\/?page_id=717"},"modified":"2017-03-24T15:15:37","modified_gmt":"2017-03-24T19:15:37","slug":"prix-jeunes-quebecois-aux-commandes","status":"publish","type":"page","link":"https:\/\/www.notrehome-qc.ca\/fr\/prix-jeunes-quebecois-aux-commandes\/","title":{"rendered":"Prix Jeunes Qu\u00e9b\u00e9cois aux Commandes"},"content":{"rendered":"<h3 class=\"p1\" style=\"text-align: center;\"><strong>Le prix Jeunes Qu\u00e9b\u00e9cois aux Commandes<\/strong><\/h3>\n<h3 class=\"p1\"><a href=\"http:\/\/www.notrehome-qc.ca\/wp-content\/uploads\/2016\/08\/YQLWAward-01.png\"><img loading=\"lazy\" decoding=\"async\" class=\"alignnone wp-image-745 size-full\" src=\"http:\/\/www.notrehome-qc.ca\/wp-content\/uploads\/2016\/08\/YQLWAward-01.png\" width=\"1500\" height=\"600\" srcset=\"https:\/\/www.notrehome-qc.ca\/wp-content\/uploads\/2016\/08\/YQLWAward-01.png 1500w, https:\/\/www.notrehome-qc.ca\/wp-content\/uploads\/2016\/08\/YQLWAward-01-300x120.png 300w, https:\/\/www.notrehome-qc.ca\/wp-content\/uploads\/2016\/08\/YQLWAward-01-768x307.png 768w, https:\/\/www.notrehome-qc.ca\/wp-content\/uploads\/2016\/08\/YQLWAward-01-1024x410.png 1024w, https:\/\/www.notrehome-qc.ca\/wp-content\/uploads\/2016\/08\/YQLWAward-01-220x88.png 220w, https:\/\/www.notrehome-qc.ca\/wp-content\/uploads\/2016\/08\/YQLWAward-01-187x75.png 187w, https:\/\/www.notrehome-qc.ca\/wp-content\/uploads\/2016\/08\/YQLWAward-01-453x181.png 453w\" sizes=\"auto, (max-width: 1500px) 100vw, 1500px\" \/><\/a><\/h3>\n<h3>Le\u00a0<a href=\"http:\/\/qcgn.ca\" target=\"_blank\">Quebec Community Groups Network<\/a>,\u00a0la Fondation Notre Home Foundation et CBC Quebec ont le plaisir de lancer un prix soulignant le leadership jeunesse, le prix Jeunes Qu\u00e9b\u00e9cois aux commandes, qui reconna\u00eet et c\u00e9l\u00e8bre les accomplissements remarquables de jeunes Qu\u00e9b\u00e9cois d\u2019expression anglaise impliqu\u00e9s dans des projets innovants, vecteurs de changement au sein de nos communaut\u00e9s.<\/h3>\n<h3 style=\"color: #ff0000;\"><img loading=\"lazy\" decoding=\"async\" class=\"alignright wp-image-57\" src=\"http:\/\/notrehome-qc.ca\/wp-content\/uploads\/2015\/05\/YQL_swooshes-e1432932303565.png\" alt=\"\" width=\"280\" height=\"485\" srcset=\"https:\/\/www.notrehome-qc.ca\/wp-content\/uploads\/2015\/05\/YQL_swooshes-e1432932303565.png 324w, https:\/\/www.notrehome-qc.ca\/wp-content\/uploads\/2015\/05\/YQL_swooshes-e1432932303565-173x300.png 173w, https:\/\/www.notrehome-qc.ca\/wp-content\/uploads\/2015\/05\/YQL_swooshes-e1432932303565-220x381.png 220w, https:\/\/www.notrehome-qc.ca\/wp-content\/uploads\/2015\/05\/YQL_swooshes-e1432932303565-187x324.png 187w\" sizes=\"auto, (max-width: 280px) 100vw, 280px\" \/>Que reconna\u00eet le prix?<\/h3>\n<p>Comme le leadership peut prendre plusieurs formes, sa d\u00e9finition dans le cadre du prix est large et ne se r\u00e9sume pas qu\u2019aux leaders d\u2019organisations ou de projets pr\u00e9cis. L\u2019objectif du prix Jeunes Qu\u00e9b\u00e9cois aux commandes est avant tout de c\u00e9l\u00e9brer le leadership et l\u2019innovation de jeunes Qu\u00e9b\u00e9cois d\u2019expression anglaise engag\u00e9s.<\/p>\n<h3 style=\"color: #ff0000;\">Qui sont les personnes admissibles?<\/h3>\n<ul>\n<li class=\"p2\">Les jeunes de 30 ans ou moins en date du 31 d\u00e9cembre 2017.<\/li>\n<li class=\"p2\">Les jeunes qui ont d\u00e9montr\u00e9 leur engagement \u00e0 cr\u00e9er des changements et qui ont\u00a0contribu\u00e9 \u00e0 une initiative ayant eu des r\u00e9percussions mesurables sur leur communaut\u00e9.<\/li>\n<\/ul>\n<h6 style=\"line-height: 1.5; padding-left: 30px;\">* Les candidats doivent consentir \u00e0 la mise en nomination et signer le formulaire de mise en\u00a0nomination.<br \/>\n* Les candidats de moins de 18 ans doivent obtenir la signature d\u2019un parent ou de leur tuteur\u00a0l\u00e9gal.<\/h6>\n<a href='http:\/\/www.notrehome-qc.ca\/wp-content\/uploads\/2017\/03\/Youth-Award-Nomination-Form-FR.pdf' class='big-button bigblue' target=\"_blank\">T\u00e9l\u00e9chargez le formulaire\u00a0(PDF)<\/a>\n<h3 style=\"color: #ff0000;\">Qui peut soumettre des candidatures?<\/h3>\n<p>Les mises en nomination doivent provenir d\u2019organisations et d\u2019institutions au service de la\u00a0communaut\u00e9 minoritaire d\u2019expression anglaise du Qu\u00e9bec. Elles peuvent \u00eatre soit des\u00a0organisations jeunesse soit des organisations qui chapeautent des projets jeunesse. Aucune\u00a0mise en nomination pr\u00e9sent\u00e9e par le candidat lui-m\u00eame ou par un membre de sa famille ne\u00a0sera accept\u00e9e.<\/p>\n<h3 style=\"color: #ff0000;\">Quels documents faut-il soumettre?<\/h3>\n<ol>\n<li class=\"p4\">Un formulaire de mise en nomination d\u00fbment rempli.<\/li>\n<li class=\"p4\">Une lettre de mise en nomination. Celle-ci doit d\u00e9crire en quoi l\u2019innovation et les\u00a0comp\u00e9tences du candidat ont g\u00e9n\u00e9r\u00e9 le changement au sein de sa communaut\u00e9.\n<ul>\n<li class=\"p4\">Les mises en nomination peuvent inclure des documents justificatifs, notamment\u00a0des lettres de recommandation d\u2019un mentor, d\u2019un pair, d\u2019un organisme\u00a0communautaire et\/ou de membres de la communaut\u00e9, ainsi que la\u00a0reconnaissance officielle de leur travail, comme par exemple, d\u2019autres prix, des\u00a0certificats de m\u00e9rite, des citations, une couverture m\u00e9diatique.<\/li>\n<\/ul>\n<\/li>\n<\/ol>\n<p>Pri\u00e8re de ne pas poster de documents originaux ou officiels, car ils ne seront pas retourn\u00e9s. Les\u00a0mises en nomination pourraient \u00eatre employ\u00e9es \u00e0 des fins promotionnelles.<\/p>\n<h3 style=\"color: #ff0000;\">Quelle est la date limite de soumission des candidatures?<\/h3>\n<p><img loading=\"lazy\" decoding=\"async\" class=\"alignright wp-image-59 size-full\" src=\"http:\/\/notrehome-qc.ca\/wp-content\/uploads\/2015\/05\/green-yellow_curves-e1432932144512.png\" alt=\"green-yellow_curves\" width=\"59\" height=\"159\" \/><\/p>\n<p>Les candidatures doivent \u00eatre soumises au plus tard <strong>le 11 ao\u00fbt 2017<\/strong>, le cachet de la poste faisant foi.<\/p>\n<p>Elles peuvent \u00eatre envoy\u00e9es par la poste, par courriel ou par t\u00e9l\u00e9copieur \u00e0 l\u2019adresse suivante :<\/p>\n<p style=\"padding-left: 30px;\"><strong>Le prix Jeunes Qu\u00e9b\u00e9cois aux commandes<\/strong><br \/>\n1819, Ren\u00e9-L\u00e9vesque Ouest, bureau 400<br \/>\nMontr\u00e9al, QC, H3H 2P5<br \/>\nT\u00e9l\u00e9c: 514-868-9049<\/p>\n<h3 style=\"color: #ff0000;\">Comment le laur\u00e9at sera-t-il s\u00e9lectionn\u00e9?<\/h3>\n<p>Les mises en nomination seront examin\u00e9es par un jury interg\u00e9n\u00e9rationnel compos\u00e9 de\u00a0diff\u00e9rents leaders de la communaut\u00e9 ayant d\u00e9montr\u00e9 leur engagement aupr\u00e8s des jeunes. La\u00a0d\u00e9cision du jury est sans appel.<\/p>\n<h3 style=\"color: #ff0000;\">Que recevra le laur\u00e9at?<\/h3>\n<p>Le laur\u00e9at recevra un troph\u00e9e lors de la c\u00e9r\u00e9monie de remise des prix communautaires en automne 2017. Le candidat s\u00e9lectionn\u00e9 sera\u00a0\u00e9galement invit\u00e9 \u00e0 visiter les coulisses de CBC\/Radio-Canada.<\/p>\n<p class=\"p2\" style=\"text-align: center;\"><a href=\"http:\/\/www.notrehome-qc.ca\/wp-content\/uploads\/2016\/08\/QCGN_RGB.png\" target=\"_blank\"><img loading=\"lazy\" decoding=\"async\" class=\"alignnone wp-image-744 \" src=\"http:\/\/www.notrehome-qc.ca\/wp-content\/uploads\/2016\/08\/QCGN_RGB-300x238.png\" width=\"192\" height=\"152\" srcset=\"https:\/\/www.notrehome-qc.ca\/wp-content\/uploads\/2016\/08\/QCGN_RGB-300x238.png 300w, https:\/\/www.notrehome-qc.ca\/wp-content\/uploads\/2016\/08\/QCGN_RGB-768x609.png 768w, https:\/\/www.notrehome-qc.ca\/wp-content\/uploads\/2016\/08\/QCGN_RGB-1024x813.png 1024w, https:\/\/www.notrehome-qc.ca\/wp-content\/uploads\/2016\/08\/QCGN_RGB-220x175.png 220w, https:\/\/www.notrehome-qc.ca\/wp-content\/uploads\/2016\/08\/QCGN_RGB-187x148.png 187w, https:\/\/www.notrehome-qc.ca\/wp-content\/uploads\/2016\/08\/QCGN_RGB-453x359.png 453w\" sizes=\"auto, (max-width: 192px) 100vw, 192px\" \/><\/a><a href=\"http:\/\/www.cbc.radio-canada.ca\/fr\/\" target=\"_blank\"><img loading=\"lazy\" decoding=\"async\" class=\"alignnone wp-image-233 \" src=\"http:\/\/notrehome-qc.ca\/wp-content\/uploads\/2015\/07\/l_cbc-150x150.gif\" alt=\"CBC\" width=\"157\" height=\"157\" srcset=\"https:\/\/www.notrehome-qc.ca\/wp-content\/uploads\/2015\/07\/l_cbc-150x150.gif 150w, https:\/\/www.notrehome-qc.ca\/wp-content\/uploads\/2015\/07\/l_cbc-150x150-75x75.gif 75w\" sizes=\"auto, (max-width: 157px) 100vw, 157px\" \/><\/a><img loading=\"lazy\" decoding=\"async\" class=\"alignnone wp-image-235 \" src=\"http:\/\/notrehome-qc.ca\/wp-content\/uploads\/2015\/07\/l_notrehomefoundation_300x156.png\" alt=\"Fondation Notre Home Foundation\" width=\"262\" height=\"137\" srcset=\"https:\/\/www.notrehome-qc.ca\/wp-content\/uploads\/2015\/07\/l_notrehomefoundation_300x156.png 300w, https:\/\/www.notrehome-qc.ca\/wp-content\/uploads\/2015\/07\/l_notrehomefoundation_300x156-220x114.png 220w, https:\/\/www.notrehome-qc.ca\/wp-content\/uploads\/2015\/07\/l_notrehomefoundation_300x156-187x97.png 187w\" sizes=\"auto, (max-width: 262px) 100vw, 262px\" \/><\/p>\n<h4><div class='et-box et-shadow'>\n\t\t\t\t\t<div class='et-box-content'>Pour obtenir plus de d\u00e9tails sur le prix, n\u2019h\u00e9sitez pas \u00e0 communiquer avec Rita Legault\u00a0au 514-868-9044, poste 223 ou au\u00a0<a href=\"mailto:alison.maynard@qcgn.ca\">rita.legault@qcgn.ca<\/a><\/div><\/div><\/h4>\n","protected":false},"excerpt":{"rendered":"<p>Le prix Jeunes Qu\u00e9b\u00e9cois aux Commandes Le\u00a0Quebec Community Groups Network,\u00a0la Fondation Notre Home Foundation et CBC Quebec ont le plaisir de lancer un prix soulignant le leadership jeunesse, le prix Jeunes Qu\u00e9b\u00e9cois aux commandes, qui reconna\u00eet et c\u00e9l\u00e8bre les accomplissements remarquables de jeunes Qu\u00e9b\u00e9cois d\u2019expression anglaise impliqu\u00e9s dans des projets innovants, vecteurs de changement au [&hellip;]<\/p>\n","protected":false},"author":4,"featured_media":0,"parent":0,"menu_order":0,"comment_status":"closed","ping_status":"closed","template":"","meta":{"footnotes":""},"class_list":["post-717","page","type-page","status-publish","hentry"],"_links":{"self":[{"href":"https:\/\/www.notrehome-qc.ca\/fr\/wp-json\/wp\/v2\/pages\/717","targetHints":{"allow":["GET"]}}],"collection":[{"href":"https:\/\/www.notrehome-qc.ca\/fr\/wp-json\/wp\/v2\/pages"}],"about":[{"href":"https:\/\/www.notrehome-qc.ca\/fr\/wp-json\/wp\/v2\/types\/page"}],"author":[{"embeddable":true,"href":"https:\/\/www.notrehome-qc.ca\/fr\/wp-json\/wp\/v2\/users\/4"}],"replies":[{"embeddable":true,"href":"https:\/\/www.notrehome-qc.ca\/fr\/wp-json\/wp\/v2\/comments?post=717"}],"version-history":[{"count":3,"href":"https:\/\/www.notrehome-qc.ca\/fr\/wp-json\/wp\/v2\/pages\/717\/revisions"}],"predecessor-version":[{"id":748,"href":"https:\/\/www.notrehome-qc.ca\/fr\/wp-json\/wp\/v2\/pages\/717\/revisions\/748"}],"wp:attachment":[{"href":"https:\/\/www.notrehome-qc.ca\/fr\/wp-json\/wp\/v2\/media?parent=717"}],"curies":[{"name":"wp","href":"https:\/\/api.w.org\/{rel}","templated":true}]}}

Prix Jeunes Québécois aux Commandes

<h3 class="p1" style="text-align: center;"><strong>Le prix Jeunes Québécois aux Commandes</strong></h3>
<h3 class="p1"><a href="http://www.notrehome-qc.ca/wp-content/uploads/2016/08/YQLWAward-01.png"><img loading="lazy" decoding="async" class="alignnone wp-image-745 size-full" src="http://www.notrehome-qc.ca/wp-content/uploads/2016/08/YQLWAward-01.png" width="1500" height="600" srcset="https://www.notrehome-qc.ca/wp-content/uploads/2016/08/YQLWAward-01.png 1500w, https://www.notrehome-qc.ca/wp-content/uploads/2016/08/YQLWAward-01-300x120.png 300w, https://www.notrehome-qc.ca/wp-content/uploads/2016/08/YQLWAward-01-768x307.png 768w, https://www.notrehome-qc.ca/wp-content/uploads/2016/08/YQLWAward-01-1024x410.png 1024w, https://www.notrehome-qc.ca/wp-content/uploads/2016/08/YQLWAward-01-220x88.png 220w, https://www.notrehome-qc.ca/wp-content/uploads/2016/08/YQLWAward-01-187x75.png 187w, https://www.notrehome-qc.ca/wp-content/uploads/2016/08/YQLWAward-01-453x181.png 453w" sizes="auto, (max-width: 1500px) 100vw, 1500px" /></a></h3>
<h3>Le <a href="http://qcgn.ca" target="_blank">Quebec Community Groups Network</a>, la Fondation Notre Home Foundation et CBC Quebec ont le plaisir de lancer un prix soulignant le leadership jeunesse, le prix Jeunes Québécois aux commandes, qui reconnaît et célèbre les accomplissements remarquables de jeunes Québécois d’expression anglaise impliqués dans des projets innovants, vecteurs de changement au sein de nos communautés.</h3>
<h3 style="color: #ff0000;"><img loading="lazy" decoding="async" class="alignright wp-image-57" src="http://notrehome-qc.ca/wp-content/uploads/2015/05/YQL_swooshes-e1432932303565.png" alt="" width="280" height="485" srcset="https://www.notrehome-qc.ca/wp-content/uploads/2015/05/YQL_swooshes-e1432932303565.png 324w, https://www.notrehome-qc.ca/wp-content/uploads/2015/05/YQL_swooshes-e1432932303565-173x300.png 173w, https://www.notrehome-qc.ca/wp-content/uploads/2015/05/YQL_swooshes-e1432932303565-220x381.png 220w, https://www.notrehome-qc.ca/wp-content/uploads/2015/05/YQL_swooshes-e1432932303565-187x324.png 187w" sizes="auto, (max-width: 280px) 100vw, 280px" />Que reconnaît le prix?</h3>
<p>Comme le leadership peut prendre plusieurs formes, sa définition dans le cadre du prix est large et ne se résume pas qu’aux leaders d’organisations ou de projets précis. L’objectif du prix Jeunes Québécois aux commandes est avant tout de célébrer le leadership et l’innovation de jeunes Québécois d’expression anglaise engagés.</p>
<h3 style="color: #ff0000;">Qui sont les personnes admissibles?</h3>
<ul>
<li class="p2">Les jeunes de 30 ans ou moins en date du 31 décembre 2017.</li>
<li class="p2">Les jeunes qui ont démontré leur engagement à créer des changements et qui ont contribué à une initiative ayant eu des répercussions mesurables sur leur communauté.</li>
</ul>
<h6 style="line-height: 1.5; padding-left: 30px;">* Les candidats doivent consentir à la mise en nomination et signer le formulaire de mise en nomination.<br />
* Les candidats de moins de 18 ans doivent obtenir la signature d’un parent ou de leur tuteur légal.</h6>
<a href='http://www.notrehome-qc.ca/wp-content/uploads/2017/03/Youth-Award-Nomination-Form-FR.pdf' class='big-button bigblue' target="_blank">Téléchargez le formulaire (PDF)</a>
<h3 style="color: #ff0000;">Qui peut soumettre des candidatures?</h3>
<p>Les mises en nomination doivent provenir d’organisations et d’institutions au service de la communauté minoritaire d’expression anglaise du Québec. Elles peuvent être soit des organisations jeunesse soit des organisations qui chapeautent des projets jeunesse. Aucune mise en nomination présentée par le candidat lui-même ou par un membre de sa famille ne sera acceptée.</p>
<h3 style="color: #ff0000;">Quels documents faut-il soumettre?</h3>
<ol>
<li class="p4">Un formulaire de mise en nomination dûment rempli.</li>
<li class="p4">Une lettre de mise en nomination. Celle-ci doit décrire en quoi l’innovation et les compétences du candidat ont généré le changement au sein de sa communauté.
<ul>
<li class="p4">Les mises en nomination peuvent inclure des documents justificatifs, notamment des lettres de recommandation d’un mentor, d’un pair, d’un organisme communautaire et/ou de membres de la communauté, ainsi que la reconnaissance officielle de leur travail, comme par exemple, d’autres prix, des certificats de mérite, des citations, une couverture médiatique.</li>
</ul>
</li>
</ol>
<p>Prière de ne pas poster de documents originaux ou officiels, car ils ne seront pas retournés. Les mises en nomination pourraient être employées à des fins promotionnelles.</p>
<h3 style="color: #ff0000;">Quelle est la date limite de soumission des candidatures?</h3>
<p><img loading="lazy" decoding="async" class="alignright wp-image-59 size-full" src="http://notrehome-qc.ca/wp-content/uploads/2015/05/green-yellow_curves-e1432932144512.png" alt="green-yellow_curves" width="59" height="159" /></p>
<p>Les candidatures doivent être soumises au plus tard <strong>le 11 août 2017</strong>, le cachet de la poste faisant foi.</p>
<p>Elles peuvent être envoyées par la poste, par courriel ou par télécopieur à l’adresse suivante :</p>
<p style="padding-left: 30px;"><strong>Le prix Jeunes Québécois aux commandes</strong><br />
1819, René-Lévesque Ouest, bureau 400<br />
Montréal, QC, H3H 2P5<br />
Téléc: 514-868-9049</p>
<h3 style="color: #ff0000;">Comment le lauréat sera-t-il sélectionné?</h3>
<p>Les mises en nomination seront examinées par un jury intergénérationnel composé de différents leaders de la communauté ayant démontré leur engagement auprès des jeunes. La décision du jury est sans appel.</p>
<h3 style="color: #ff0000;">Que recevra le lauréat?</h3>
<p>Le lauréat recevra un trophée lors de la cérémonie de remise des prix communautaires en automne 2017. Le candidat sélectionné sera également invité à visiter les coulisses de CBC/Radio-Canada.</p>
<p class="p2" style="text-align: center;"><a href="http://www.notrehome-qc.ca/wp-content/uploads/2016/08/QCGN_RGB.png" target="_blank"><img loading="lazy" decoding="async" class="alignnone wp-image-744 " src="http://www.notrehome-qc.ca/wp-content/uploads/2016/08/QCGN_RGB-300x238.png" width="192" height="152" srcset="https://www.notrehome-qc.ca/wp-content/uploads/2016/08/QCGN_RGB-300x238.png 300w, https://www.notrehome-qc.ca/wp-content/uploads/2016/08/QCGN_RGB-768x609.png 768w, https://www.notrehome-qc.ca/wp-content/uploads/2016/08/QCGN_RGB-1024x813.png 1024w, https://www.notrehome-qc.ca/wp-content/uploads/2016/08/QCGN_RGB-220x175.png 220w, https://www.notrehome-qc.ca/wp-content/uploads/2016/08/QCGN_RGB-187x148.png 187w, https://www.notrehome-qc.ca/wp-content/uploads/2016/08/QCGN_RGB-453x359.png 453w" sizes="auto, (max-width: 192px) 100vw, 192px" /></a><a href="http://www.cbc.radio-canada.ca/fr/" target="_blank"><img loading="lazy" decoding="async" class="alignnone wp-image-233 " src="http://notrehome-qc.ca/wp-content/uploads/2015/07/l_cbc-150x150.gif" alt="CBC" width="157" height="157" srcset="https://www.notrehome-qc.ca/wp-content/uploads/2015/07/l_cbc-150x150.gif 150w, https://www.notrehome-qc.ca/wp-content/uploads/2015/07/l_cbc-150x150-75x75.gif 75w" sizes="auto, (max-width: 157px) 100vw, 157px" /></a><img loading="lazy" decoding="async" class="alignnone wp-image-235 " src="http://notrehome-qc.ca/wp-content/uploads/2015/07/l_notrehomefoundation_300x156.png" alt="Fondation Notre Home Foundation" width="262" height="137" srcset="https://www.notrehome-qc.ca/wp-content/uploads/2015/07/l_notrehomefoundation_300x156.png 300w, https://www.notrehome-qc.ca/wp-content/uploads/2015/07/l_notrehomefoundation_300x156-220x114.png 220w, https://www.notrehome-qc.ca/wp-content/uploads/2015/07/l_notrehomefoundation_300x156-187x97.png 187w" sizes="auto, (max-width: 262px) 100vw, 262px" /></p>
<h4><div class='et-box et-shadow'>
					<div class='et-box-content'>Pour obtenir plus de détails sur le prix, n’hésitez pas à communiquer avec Rita Legault au 514-868-9044, poste 223 ou au <a href="mailto:alison.maynard@qcgn.ca">rita.legault@qcgn.ca</a></div></div></h4>

<p>Le prix Jeunes Québécois aux Commandes Le Quebec Community Groups Network, la Fondation Notre Home Foundation et CBC Quebec ont le plaisir de lancer un prix soulignant le leadership jeunesse, le prix Jeunes Québécois aux commandes, qui reconnaît et célèbre les accomplissements remarquables de jeunes Québécois d’expression anglaise impliqués dans des projets innovants, vecteurs de changement au [&hellip;]</p>
